*3/3 - h**2/2 - 2*h. Calculate r(-3).
-7
Suppose 0*q - q + 3 = 0. Let o(p) = 3*p**2 + 4*p - 4 + 0*p**3 + p**2 - p**q - p**2. Determine o(4).
-4
Let c(z) = -3*z**2 + 2*z - 1. Let u be 0*((-1)/(-3))/1. Let a(p) = -p + 16. Let d be a(u). Let r be 10/4*d/20. Calculate c(r).
-9
Let w be (-4)/6 - 2/(-3). Let j be 6/54*6 + (-2)/(-6). Let h(x) = x + 1 + w - j + 2. Calculate h(-3).
-1
Let i(l) = -l. Let t(h) = -3*h. Let x(r) = -8*i(r) + 3*t(r). Give x(6).
-6
Let v(c) = c - 13. Let h = -41 - -41. What is v(h)?
-13
Let a be (3/2)/(6/(-8)). Let r be 0/a - (6 - 1). Let t(b) be the second derivative of -b**5/20 - b**4/2 - b**3/2 + b**2/2 + 7*b. What is t(r)?
-9
Suppose -5*r - 15 = -10*r. Let g(o) = 2*o - 2. Determine g(r).
4
Let t(v) = v**2 - 5*v + 1. Suppose x = -5*x + 12. Calculate t(x).
-5
Let d(i) = i**2 + 6*i + 7. Suppose k + 4 = 3*k. Suppose -4*u + k*u = 10. Calculate d(u).
2
Let u(o) = -4*o**3 + 1 - 1 - o - o**2 - 1 + 0*o**2. Let r be u(-1). Let i(l) = -6*l - 6 - r + 2*l**2 + 4 + l**3 + 3. Give i(-4).
-10
Let h(a) = -11*a**2 + a - 1. Let d be (-6 - 4)*(-2)/4. Let y be (4 - 1) + (3 - d). Give h(y).
-11
Let c(f) be the second derivative of f**5/60 + f**4/8 - 2*f**3/3 + 9*f**2/2 + 3*f. Let n(h) be the first derivative of c(h). Calculate n(-4).
0
Let s(l) = -l**2 - 5*l - 1. Suppose 0 = -5*k - 5*g - 125, -4*k - 3*g - 2*g = 101. Let f be (-20)/3 - 16/k. Determine s(f).
-7
Let q(c) = -c**3 - 3*c**2 + 6*c + 3. Let u(d) = d - 1. Let j be u(1). Let b = j - 4. What is q(b)?
-5
Let x(d) = d + 1. Suppose -49 = 9*s + 5. What is x(s)?
-5
Let a(c) be the second derivative of c**4/12 + 4*c**3/3 + c**2 + 3*c. What is a(-4)?
-14
Suppose -r + 3*a = 12, -5*r + 5*a = 3*a + 8. Suppose 0 = k - r - 6. Suppose k + 2 = -2*d. Let c(m) = -m - 2. What is c(d)?
2
Suppose -4 = r, j + 6*r = r - 18. Suppose 0 = j*v - 6 - 0. Let k(d) = v - 3*d + 0*d + 2*d. Calculate k(-4).
7
Let g(i) be the third derivative of -4/3*i**3 - 10*i**2 + 0*i + 0 - 1/24*i**4. Give g(-5).
-3
Let u(k) = -k**3 - 5*k**2 - k - 1. Let c(y) = y**3 - 7*y**2 + 5*y + 4. Let a be c(6). Let n = a + -3. Give u(n).
4
Let v(y) = 13*y + y**3 - 19*y + 4 + 5*y**2 - 1. Give v(-6).
3
Let o(f) = 6*f + 1. Let h(n) = 6*n + 1. Let i(q) = -5*h(q) + 4*o(q). Suppose -3*r - r + 3*s + 10 = 0, -s = 2*r. Give i(r).
-7
Let f be (-1)/(-5)*-12*-5. Suppose 4*q = -u - 8 - 13, 4*q + 4*u = -f. Let z(t) = -t**3 - 5*t**2 + 5*t - 6. Give z(q).
0
Let l(y) = -57 + 2*y - 44 + 90 - 3*y. Calculate l(-8).
-3
Let d(i) = 3*i + 2. Let u(p) = p + 1. Let w(k) = 2*d(k) - 5*u(k). Let o be 1 - (7 + 1)/(-2). Determine w(o).
4
Let f(t) = -t**3 + 4*t**2 + t - 2. Let u be 11/(-9) - (-2)/9. Let a be (2 - 0)*(u + 3). Give f(a).
2
Let k(n) = n**3 - 3*n**2 - 2*n - 1. Let z be (6/10)/(1/5) + 0. Give k(z).
-7
Let t be (0 + 8)/(-4) + -4. Let w(v) = -2*v. Calculate w(t).
12
Let d(k) be the third derivative of -k**6/120 - k**5/12 + k**4/3 + k**3/2 - 10*k**2. What is d(-6)?
-9
Let q be (1 + 0)*3/1. Suppose 3*a - 6*a = 9. Let y(b) = -5*b**2 - 12*b - 4. Let t(d) = -2*d**2 - 4*d - 1. Let f(n) = a*y(n) + 8*t(n). Give f(q).
7
Suppose -3*y - y = 0. Let q(n) = -n + 9. Determine q(y).
9
Suppose -3*k = -7 - 32. Suppose 0 = -4*l - 5 + k. Let f(d) = -l*d + 2*d + d - 3. Give f(3).
0
Let y(k) = 5*k - 79 - k**2 + 2*k + 85. Calculate y(8).
-2
Let v(z) = -z**3 - 3*z**2 + 5*z. Let x(w) = -w**3 + 5*w**2 + 10*w + 1. Let u be x(7). Let o = -16 - u. Suppose 4*f + 5 + o = 0. Give v(f).
-4
Let m(o) = -3*o + 1 - 2*o**2 - 3*o**2 - 18*o**3 + 17*o**3. Let d = 63 - 45. Suppose -5*k - d = t, 2*k + 6 + 9 = -3*t. Give m(k).
-8
Let p(c) be the third derivative of c**4/12 + 2*c**3/3 + c**2. Let q = -6 + 7. Let s = q + -6. What is p(s)?
-6
Let y(k) = -k. Let n be ((-3)/(-1) + -1)/1. Suppose -4*q = -4*r - 3 - 5, -3*q + r = -n. Calculate y(q).
0
Suppose 11*f - 4 = 10*f. Let l(x) = -x + 0*x - 8 - 3 + f. Suppose 0 = -b - 2 + 7. Determine l(b).
-12
Let i(l) = l. Let x(k) = -3*k. Let j(y) = 5*i(y) + 2*x(y). Let s be (2/5)/((-3)/(-30)). What is j(s)?
-4
Let t(w) = -6*w - 3. Let h(o) = -7*o - 2. Let l(f) = 5*h(f) - 6*t(f). Let s be l(-7). Let y(a) = 3 - s - a + 2*a. Calculate y(-3).
-1
Suppose 2*x - 5*z = -8, z - 2*z + 16 = -4*x. Let k(b) = 6*b + 11 - 5 - 3*b. Give k(x).
-6
Let i(d) be the third derivative of d**5/60 + d**4/3 + 5*d**3/6 - 11*d**2. Give i(-7).
-2
Let f(a) = a**2 - 4*a + 5. Suppose -8 - 1 = 3*c. Let t be c + 7 - (-1 + 1). What is f(t)?
5
Let c(b) = b**3 + 5*b**2 + 4*b - 1. Suppose -4*x = -4*n - 64, 0 = 2*x - 0*x + 2*n - 48. Let s be -2*((-2)/(-4) + 0). Let l be x/(-7) + s/7. What is c(l)?
5
Let v(p) = -3*p + 3. Let j(g) = g + 9. Let x be j(-6). Give v(x).
-6
Let k = -12 - -21. Let c = k - 3. Let s(h) = -h**3 + 6*h**2 + 2*h. Calculate s(c).
12
Let y(r) = -3*r**3 - r**2 - 7*r - 6. Let w(s) = 8*s**3 + 2*s**2 + 21*s + 18. Let i(b) = 4*w(b) + 11*y(b). Calculate i(-4).
-6
Let h(f) = -f - 9. Let c be h(-10). Let d = c + -4. Let y(a) = -a. What is y(d)?
3
Let i(g) = -9*g**2 + g**3 - 11*g + 11*g + 4. Calculate i(9).
4
Let u(l) be the second derivative of -l**3/6 - 7*l**2/2 + 11*l. Suppose 20 = -3*q - q. Determine u(q).
-2
Let b(y) = y**3 - 11*y**2 + 11*y - 7. Let k be b(10). Let j(v) = v + 1. Let w(h) = -6*h - 3. Let q(z) = 5*j(z) + w(z). What is q(k)?
-1
Let m(t) = -9*t**2. Let c be m(1). Let i(y) = -14*y + y + y - 1. Let q(g) = 49*g + 5. Let o(b) = c*i(b) - 2*q(b). Give o(1).
9
Suppose 0 = -3*t + 5*h - 2, -t + 3*t = -h - 10. Let m(y) be the first derivative of 5/2*y**2 - 2*y - 1 + 1/4*y**4 + 5/3*y**3. What is m(t)?
-6
Suppose 0 - 1 = o. Let x = 2 + o. Let r(u) = -7 + 2 - x - u**2. Determine r(0).
-6
Let a = 12 + -19. Let s(k) = -3*k**2 - 16*k - 13. Let h(i) = 2*i**2 + 11*i + 9. Let f(x) = a*h(x) - 5*s(x). Let b be (20/(-6) - -2)*3. Calculate f(b).
6
Let k(m) = -2*m - 2. Let f(t) = t + 1. Let z = 12 + -26. Let o(x) = z*f(x) - 6*k(x). Let s = -5 - -3. Calculate o(s).
2
Let f(c) = c**2 - 2*c - 1. Suppose 2*v - 33 = 5*v. Let i = v - -15. Suppose -i = -5*a + 11. Determine f(a).
2
Let l(g) = -1 + 2*g**2 - g**2 - 34*g + 15*g + 18*g. Determine l(2).
1
Let p(h) = h**2 + 4*h - 6. Suppose 0*m - 2*m = 12. Determine p(m).
6
Let z(s) be the first derivative of s**3/3 + 5*s**2/2 - 4*s - 2. Determine z(-6).
2
Let x(l) = 4*l**2 - 1. Suppose 3*m + 3 = 4*m. Suppose 3*y = -m*b + 18, -b - 10 = 4*b - 3*y. Determine x(b).
3
Let c be 1/(4/2)*6. Suppose -2*q - 6 = -q - 5*y, 9 = c*y. Let f(o) = -o**3 - 8 + 5*o**2 - o + 0*o**3 + q*o. Calculate f(6).
4
Let k(r) = 5*r + 0 + 3 + r. Suppose 2*i = 3 - 19. Let m(t) = 17*t + 8. Let x(s) = i*k(s) + 3*m(s). Determine x(1).
3
Suppose 0 = -m - m + 32. Suppose 0 = -2*t + l, 5*l = 2*t - 0*t + m. Let j(c) = c**3 - 3*c**2 + 2*c + 1. Calculate j(t).
1
Suppose -5*r = -25, -5*o + 14 + 26 = 5*r. Let z(k) = 3 + o - k**3 - 3*k - 3 + 2*k**2 + 0*k. Give z(2).
-3
Suppose n - 2 = -x, -4*x + 16 = -n + 3*n. Let z = x + -2. Let w(y) = -y**3 + 3*y**2 + 5*y - 6. Give w(z).
-2
Let w be -1*(-7 + 2) + -1. Let i be (w - 4)*-1*1. Suppose 5*h = -i*h. Let g(v) = v**2 - 1. Determine g(h).
-1
Suppose 0 = 2*r + 3*r + 40. Let u(w) = w**3 + 9*w**2 + 9*w + 9. Let a be u(r). Let l(n) = -n**2 + n. Calculate l(a).
0
Let p(b) be the third derivative of b**2 + 1/24*b**4 + 1/120*b**5 + 0*b + 1/6*b**3 + 0. Let n(l) be the first derivative of p(l). Give n(-4).
-3
Let t(l) = -l**2 - 10*l + 5. Let i(s) = -s**2 - 11*s + 6. Let m(h) = 6*i(h) - 7*t(h). Give m(-3).
-2
Let j(p) be the second derivative of -p**4/12 + p**3/6 - 2*p**2 - 8*p. Determine j(0).
-4
Let w(d) = -8 + 7 - 15*d + 14*d. What is w(-5)?
4
Let q(z) be the third derivative of 7*z**4/24 + z**3/6 + 84*z**2. Let k = 2 - 1. Let u be (-1 - k) + 2 - 1. Calculate q(u).
-6
Let n(l) = -5*l + 4*l**3 + l**3 - 4*l**3 + 5*l**2 + 8. Let j be n(-6). Let s(g) = j - 2*g + 3*g - 6. Calculate s(0).
-4
Let l(w) = 2*w + 9*w**2 + 18*w**2 + 3 - 28*w**2. Calculate l(-2).
-5
Let r(p) be the first derivative of 2*p**3/3 - 2*p + 1. Let l = 83 - 85. Give r(l).
6
Let j(c) = -4*c**2 + c - 3. Let r(z) = 5*z**2 - 2*z + 4. Let i(n) = -6*j(n) - 5*r(n). What is i(3)?
1
Let y(k) = -6*k**3 - 37*k**2 - 1 + 37*k**2. Give y(-1).
5
Let f(m) = -m**2 - 5*m - 3. Let c(l) = -l**2 + 9*l + 10. Let q be c(9). Suppose -2*x + 9 = -5*i, -2*i + q*x + 9 = 5*x. Give f(i).
3
Let u(b) = -5 - 41*b**2 + b**3 + 4*b + 5 + 36*b**2.